{"id":94,"date":"2025-09-23T10:33:45","date_gmt":"2025-09-23T13:33:45","guid":{"rendered":"https:\/\/hospedagens.mtzhost.com.br\/sites\/oestao\/carrinho\/"},"modified":"2025-09-29T17:08:08","modified_gmt":"2025-09-29T20:08:08","slug":"carrinho","status":"publish","type":"page","link":"https:\/\/hospedagens.mtzhost.com.br\/sites\/oestao\/carrinho\/","title":{"rendered":"Carrinho"},"content":{"rendered":"\n<div data-block-name=\"woocommerce\/cart\" class=\"wp-block-woocommerce-cart alignwide is-loading\">\n<div data-block-name=\"woocommerce\/filled-cart-block\" class=\"wp-block-woocommerce-filled-cart-block\">\n<div data-block-name=\"woocommerce\/cart-items-block\" class=\"wp-block-woocommerce-cart-items-block\">\n<div data-block-name=\"woocommerce\/cart-line-items-block\" class=\"wp-block-woocommerce-cart-line-items-block\"><\/div>\n\n\n<\/div>\n\n\n\n\n<div data-block-name=\"woocommerce\/cart-totals-block\" class=\"wp-block-woocommerce-cart-totals-block\">\n<div data-block-name=\"woocommerce\/cart-order-summary-block\" class=\"wp-block-woocommerce-cart-order-summary-block\">\n<div data-block-name=\"woocommerce\/cart-order-summary-heading-block\" class=\"wp-block-woocommerce-cart-order-summary-heading-block\"><\/div><div data-block-name=\"woocommerce\/cart-order-summary-coupon-form-block\" class=\"wp-block-woocommerce-cart-order-summary-coupon-form-block\"><\/div><div data-block-name=\"woocommerce\/cart-order-summary-totals-block\" class=\"wp-block-woocommerce-cart-order-summary-totals-block\">\n<div data-block-name=\"woocommerce\/cart-order-summary-subtotal-block\" class=\"wp-block-woocommerce-cart-order-summary-subtotal-block\"><\/div>\n<div data-block-name=\"woocommerce\/cart-order-summary-discount-block\" class=\"wp-block-woocommerce-cart-order-summary-discount-block\"><\/div>\n<div data-block-name=\"woocommerce\/cart-order-summary-fee-block\" class=\"wp-block-woocommerce-cart-order-summary-fee-block\"><\/div>\n<div data-block-name=\"woocommerce\/cart-order-summary-shipping-block\" class=\"wp-block-woocommerce-cart-order-summary-shipping-block\"><\/div>\n<div data-block-name=\"woocommerce\/cart-order-summary-taxes-block\" class=\"wp-block-woocommerce-cart-order-summary-taxes-block\"><\/div><\/div>\n<\/div>\n\n\n\n<div data-block-name=\"woocommerce\/cart-express-payment-block\" class=\"wp-block-woocommerce-cart-express-payment-block\"><\/div>\n\n\n\n<div data-block-name=\"woocommerce\/proceed-to-checkout-block\" class=\"wp-block-woocommerce-proceed-to-checkout-block\"><\/div>\n\n\n\n<div data-block-name=\"woocommerce\/cart-accepted-payment-methods-block\" class=\"wp-block-woocommerce-cart-accepted-payment-methods-block\"><\/div>\n<\/div>\n<\/div>\n\n\n\n<div data-block-name=\"woocommerce\/empty-cart-block\" class=\"wp-block-woocommerce-empty-cart-block\">\n<h2 class=\"wp-block-heading has-text-align-center with-empty-cart-icon wc-block-cart__empty-cart__title\">Seu carrinho est\u00e1 vazio no momento!<\/h2>\n\n\n\n<hr class=\"wp-block-separator has-alpha-channel-opacity is-style-dots\"\/>\n\n\n\n<h2 class=\"wp-block-heading has-text-align-center\">Novo na loja<\/h2>\n\n\n<div data-block-name=\"woocommerce\/product-new\" data-columns=\"4\" data-rows=\"1\" class=\"wc-block-grid wp-block-product-new wp-block-woocommerce-product-new wc-block-product-new has-4-columns\"><ul class=\"wc-block-grid__products\"><li class=\"wc-block-grid__product\">\n\t\t\t\t<a href=\"https:\/\/hospedagens.mtzhost.com.br\/sites\/oestao\/produto\/motosserra-stihl-a-combustao-ms-661\/\" class=\"wc-block-grid__product-link\">\n\t\t\t\t\t\n\t\t\t\t\t<div class=\"wc-block-grid__product-image\"><img fetchpriority=\"high\" decoding=\"async\" width=\"300\" height=\"300\" src=\"https:\/\/hospedagens.mtzhost.com.br\/sites\/oestao\/wp-content\/uploads\/2025\/11\/MSS2-300x300.jpg\" class=\"attachment-woocommerce_thumbnail size-woocommerce_thumbnail\" alt=\"Motosserra STIHL a combust\u00e3o MS 661\" srcset=\"https:\/\/hospedagens.mtzhost.com.br\/sites\/oestao\/wp-content\/uploads\/2025\/11\/MSS2-300x300.jpg 300w, https:\/\/hospedagens.mtzhost.com.br\/sites\/oestao\/wp-content\/uploads\/2025\/11\/MSS2-150x150.jpg 150w, https:\/\/hospedagens.mtzhost.com.br\/sites\/oestao\/wp-content\/uploads\/2025\/11\/MSS2-100x100.jpg 100w\" sizes=\"(max-width: 300px) 100vw, 300px\" \/><\/div>\n\t\t\t\t\t<div class=\"wc-block-grid__product-title\">Motosserra STIHL a combust\u00e3o MS 661<\/div>\n\t\t\t\t<\/a>\n\t\t\t\t<div class=\"wc-block-grid__product-price price\"><span class=\"woocommerce-Price-amount amount\"><span class=\"woocommerce-Price-currencySymbol\">&#082;&#036;<\/span>&nbsp;0,00<\/span><\/div>\n\t\t\t\t\n\t\t\t\t<div class=\"wp-block-button wc-block-grid__product-add-to-cart\"><a href=\"\/sites\/oestao\/wp-json\/wp\/v2\/pages\/94?add-to-cart=940\" aria-label=\"Adicione ao carrinho: &ldquo;Motosserra STIHL a combust\u00e3o MS 661&rdquo;\" data-quantity=\"1\" data-product_id=\"940\" data-product_sku=\"1121-200-0429\" data-price=\"0\" rel=\"nofollow\" class=\"wp-block-button__link  add_to_cart_button ajax_add_to_cart\">Adicionar ao carrinho<\/a><\/div>\n\t\t\t<\/li><li class=\"wc-block-grid__product\">\n\t\t\t\t<a href=\"https:\/\/hospedagens.mtzhost.com.br\/sites\/oestao\/produto\/motosserra-stihl-a-combustao-ms-162\/\" class=\"wc-block-grid__product-link\">\n\t\t\t\t\t\n\t\t\t\t\t<div class=\"wc-block-grid__product-image\"><img decoding=\"async\" width=\"300\" height=\"300\" src=\"https:\/\/hospedagens.mtzhost.com.br\/sites\/oestao\/wp-content\/uploads\/2025\/09\/156168-1200-1600-e1761751618735-300x300.png\" class=\"attachment-woocommerce_thumbnail size-woocommerce_thumbnail\" alt=\"Motosserra STIHL a combust\u00e3o MS 162\" srcset=\"https:\/\/hospedagens.mtzhost.com.br\/sites\/oestao\/wp-content\/uploads\/2025\/09\/156168-1200-1600-e1761751618735-300x300.png 300w, https:\/\/hospedagens.mtzhost.com.br\/sites\/oestao\/wp-content\/uploads\/2025\/09\/156168-1200-1600-e1761751618735-100x100.png 100w, https:\/\/hospedagens.mtzhost.com.br\/sites\/oestao\/wp-content\/uploads\/2025\/09\/156168-1200-1600-e1761751618735-150x150.png 150w\" sizes=\"(max-width: 300px) 100vw, 300px\" \/><\/div>\n\t\t\t\t\t<div class=\"wc-block-grid__product-title\">Motosserra STIHL a combust\u00e3o MS 162<\/div>\n\t\t\t\t<\/a>\n\t\t\t\t<div class=\"wc-block-grid__product-price price\"><span class=\"woocommerce-Price-amount amount\"><span class=\"woocommerce-Price-currencySymbol\">&#082;&#036;<\/span>&nbsp;0,00<\/span><\/div>\n\t\t\t\t\n\t\t\t\t<div class=\"wp-block-button wc-block-grid__product-add-to-cart\"><a href=\"\/sites\/oestao\/wp-json\/wp\/v2\/pages\/94?add-to-cart=152\" aria-label=\"Adicione ao carrinho: &ldquo;Motosserra STIHL a combust\u00e3o MS 162&rdquo;\" data-quantity=\"1\" data-product_id=\"152\" data-product_sku=\"1148-200-0249\" data-price=\"0\" rel=\"nofollow\" class=\"wp-block-button__link  add_to_cart_button ajax_add_to_cart\">Adicionar ao carrinho<\/a><\/div>\n\t\t\t<\/li><li class=\"wc-block-grid__product\">\n\t\t\t\t<a href=\"https:\/\/hospedagens.mtzhost.com.br\/sites\/oestao\/produto\/aspirador-de-po-e-liquidos-eletrico-se-33\/\" class=\"wc-block-grid__product-link\">\n\t\t\t\t\t\n\t\t\t\t\t<div class=\"wc-block-grid__product-image\"><img decoding=\"async\" width=\"300\" height=\"300\" src=\"https:\/\/hospedagens.mtzhost.com.br\/sites\/oestao\/wp-content\/uploads\/2025\/10\/155824-1200-1600-e1761754388575-300x300.webp\" class=\"attachment-woocommerce_thumbnail size-woocommerce_thumbnail\" alt=\"Aspirador de P\u00f3 e L\u00edquidos el\u00e9trico SE 33\" srcset=\"https:\/\/hospedagens.mtzhost.com.br\/sites\/oestao\/wp-content\/uploads\/2025\/10\/155824-1200-1600-e1761754388575-300x300.webp 300w, https:\/\/hospedagens.mtzhost.com.br\/sites\/oestao\/wp-content\/uploads\/2025\/10\/155824-1200-1600-e1761754388575-150x150.webp 150w, https:\/\/hospedagens.mtzhost.com.br\/sites\/oestao\/wp-content\/uploads\/2025\/10\/155824-1200-1600-e1761754388575-100x100.webp 100w\" sizes=\"(max-width: 300px) 100vw, 300px\" \/><\/div>\n\t\t\t\t\t<div class=\"wc-block-grid__product-title\">Aspirador de P\u00f3 e L\u00edquidos el\u00e9trico SE 33<\/div>\n\t\t\t\t<\/a>\n\t\t\t\t<div class=\"wc-block-grid__product-price price\"><span class=\"woocommerce-Price-amount amount\"><span class=\"woocommerce-Price-currencySymbol\">&#082;&#036;<\/span>&nbsp;0,00<\/span><\/div>\n\t\t\t\t\n\t\t\t\t<div class=\"wp-block-button wc-block-grid__product-add-to-cart\"><a href=\"\/sites\/oestao\/wp-json\/wp\/v2\/pages\/94?add-to-cart=769\" aria-label=\"Adicione ao carrinho: &ldquo;Aspirador de P\u00f3 e L\u00edquidos el\u00e9trico SE 33&rdquo;\" data-quantity=\"1\" data-product_id=\"769\" data-product_sku=\"SE01-012-4402\" data-price=\"0\" rel=\"nofollow\" class=\"wp-block-button__link  add_to_cart_button ajax_add_to_cart\">Adicionar ao carrinho<\/a><\/div>\n\t\t\t<\/li><li class=\"wc-block-grid__product\">\n\t\t\t\t<a href=\"https:\/\/hospedagens.mtzhost.com.br\/sites\/oestao\/produto\/lavadora-stihl-de-alta-pressao-re-145\/\" class=\"wc-block-grid__product-link\">\n\t\t\t\t\t\n\t\t\t\t\t<div class=\"wc-block-grid__product-image\"><img loading=\"lazy\" decoding=\"async\" width=\"300\" height=\"300\" src=\"https:\/\/hospedagens.mtzhost.com.br\/sites\/oestao\/wp-content\/uploads\/2025\/11\/lavv02-300x300.jpg\" class=\"attachment-woocommerce_thumbnail size-woocommerce_thumbnail\" alt=\"Lavadora STIHL de alta press\u00e3o RE 145\" srcset=\"https:\/\/hospedagens.mtzhost.com.br\/sites\/oestao\/wp-content\/uploads\/2025\/11\/lavv02-300x300.jpg 300w, https:\/\/hospedagens.mtzhost.com.br\/sites\/oestao\/wp-content\/uploads\/2025\/11\/lavv02-150x150.jpg 150w, https:\/\/hospedagens.mtzhost.com.br\/sites\/oestao\/wp-content\/uploads\/2025\/11\/lavv02-100x100.jpg 100w\" sizes=\"(max-width: 300px) 100vw, 300px\" \/><\/div>\n\t\t\t\t\t<div class=\"wc-block-grid__product-title\">Lavadora STIHL de alta press\u00e3o RE 145<\/div>\n\t\t\t\t<\/a>\n\t\t\t\t<div class=\"wc-block-grid__product-price price\"><span class=\"woocommerce-Price-amount amount\"><span class=\"woocommerce-Price-currencySymbol\">&#082;&#036;<\/span>&nbsp;0,00<\/span><\/div>\n\t\t\t\t\n\t\t\t\t<div class=\"wp-block-button wc-block-grid__product-add-to-cart\"><a href=\"\/sites\/oestao\/wp-json\/wp\/v2\/pages\/94?add-to-cart=935\" aria-label=\"Adicione ao carrinho: &ldquo;Lavadora STIHL de alta press\u00e3o RE 145&rdquo;\" data-quantity=\"1\" data-product_id=\"935\" data-product_sku=\"4950-011-4591\" data-price=\"0\" rel=\"nofollow\" class=\"wp-block-button__link  add_to_cart_button ajax_add_to_cart\">Adicionar ao carrinho<\/a><\/div>\n\t\t\t<\/li><\/ul><\/div><\/div>\n<\/div>\n","protected":false},"excerpt":{"rendered":"","protected":false},"author":1,"featured_media":0,"parent":0,"menu_order":0,"comment_status":"closed","ping_status":"closed","template":"","meta":{"footnotes":""},"class_list":["post-94","page","type-page","status-publish","hentry"],"_links":{"self":[{"href":"https:\/\/hospedagens.mtzhost.com.br\/sites\/oestao\/wp-json\/wp\/v2\/pages\/94","targetHints":{"allow":["GET"]}}],"collection":[{"href":"https:\/\/hospedagens.mtzhost.com.br\/sites\/oestao\/wp-json\/wp\/v2\/pages"}],"about":[{"href":"https:\/\/hospedagens.mtzhost.com.br\/sites\/oestao\/wp-json\/wp\/v2\/types\/page"}],"author":[{"embeddable":true,"href":"https:\/\/hospedagens.mtzhost.com.br\/sites\/oestao\/wp-json\/wp\/v2\/users\/1"}],"replies":[{"embeddable":true,"href":"https:\/\/hospedagens.mtzhost.com.br\/sites\/oestao\/wp-json\/wp\/v2\/comments?post=94"}],"version-history":[{"count":1,"href":"https:\/\/hospedagens.mtzhost.com.br\/sites\/oestao\/wp-json\/wp\/v2\/pages\/94\/revisions"}],"predecessor-version":[{"id":480,"href":"https:\/\/hospedagens.mtzhost.com.br\/sites\/oestao\/wp-json\/wp\/v2\/pages\/94\/revisions\/480"}],"wp:attachment":[{"href":"https:\/\/hospedagens.mtzhost.com.br\/sites\/oestao\/wp-json\/wp\/v2\/media?parent=94"}],"curies":[{"name":"wp","href":"https:\/\/api.w.org\/{rel}","templated":true}]}}